
False
Let j = -7988 - -15542. Suppose -3*k - k + j = 2*t, -3*t = -2*k - 11371. Is t prime?
False
Suppose 5*k = 5*m - 75, 3*k + 3*m + 39 = 4*m. Let z be (-1006)/(-3)*(-2)/(k/(-63)). Is z/(-3) + 1/3 a composite number?
True
Suppose 4*c - 3*f = 36, -36 = -3*c - 2*f - 9. Let z = 3511 + -1636. Suppose -258 - z = -c*q. Is q a prime number?
False
Suppose 5 = -a - 4*a + 5*c, a + 3*c + 13 = 0. Let x be 4/((2/a)/((-6)/12)). Suppose 7*i - 2*i = -3*z + 5030, x*i = 4*z - 6760. Is z a composite number?
True
Suppose -44*b = -4*m - 49*b + 511, -5*b = -3*m + 357. Suppose n - 2*c = -3*n + 1260, n = -3*c + 315. Let t = n - m. Is t composite?
False
Suppose 2*j - 7176 = -4*w, 0 = 4*w - 7*w - 4*j + 5392. Suppose k - w - 28 = 0. Let s = k - 491. Is s composite?
True
Suppose 151 = 6*n + 1. Suppose 3*f + 35 = 3*z - f, -3*z + n = f. Suppose -z*j = -5*j - 572. Is j a composite number?
True
Suppose v - 337345 = -3*t, 270952 = 2*v + 3*t - 403750. Is v prime?
False
Suppose 89*h - 40 = 81*h. Suppose 3*x - d = -h*d + 4377, -5836 = -4*x - 2*d. Is x a composite number?
False
Let p = 159068 - 90105. Is p a prime number?
True
Is (4915 - 1)/(19/((-1995)/(-10))) + 2 a prime number?
True
Suppose -5*j = -5*w + 40, -3*j + 5*w = -2*j + 24. Is (-336382)/237*6/j a composite number?
False
Suppose -20*h + 32*h = 48. Is h/(-2) + 6 + 1333 composite?
True
Suppose 4*k + 2216 = -2*x, k - 2*k + 4414 = -4*x. Let u = x + 2467. Is u a prime number?
False
Let h(u) = 3*u**3 + 5*u**2 + 2*u + 1. Let x be h(-3). Let m be (255/(-12))/((-1)/(-8)). Let k = x - m. Is k a composite number?
True
Let w(c) = 1076*c**2 + 1. Let j = 343 - 344. Is w(j) a prime number?
False
Suppose -122*s + 181856 = -114*s. Suppose 675 = -5*n - p + s, -4419 = -n - 4*p. Is n composite?
True
Let x(m) be the second derivative of -m**5/20 + 2*m**4 + 23*m**3/3 + 23*m**2 + 9*m. Is x(-19) prime?
False
Let h be ((-2)/(-4))/(3/30). Let b be 105/14*(5 - (-1317)/9). Suppose 0 = 4*p + 8, h*q - b = -p + 1108. Is q a composite number?
False
Let p be 16/2 + 6*(-5)/10. Suppose 3*v = -p*j - v + 3979, 0 = 2*v + 8. Is j a composite number?
True
Suppose -4*y - z + 18176 = -23250, 6*z = -5*y + 51773. Is y a composite number?
False
Let d(f) = -2958*f + 3335. Is d(-6) prime?
False
Let r be 4 - ((-83)/1 + 1 + -5). Is 34677/21 - 26/r prime?
False
Let r be (-1)/4 - (-3 - (-18)/(-8)). Suppose r*n - 3*n = 3*y - 1372, 5*y - 5*n = 2295. Suppose -3*f = 2*t - y - 657, -2*f - 2 = 0. Is t a composite number?
False
Let w(b) be the third derivative of b**4/12 - 11*b**3/6 - 2*b**2. Let j be w(8). Suppose j*c = 1122 + 6233. Is c a prime number?
True
Let i(x) = x**2 - 20*x + 1. Let r be i(19). Let d = r - -20. Suppose d*n - s = -2*s + 1942, -4*n = -2*s - 3900. Is n a prime number?
False
Let l(n) = -n - 2. Let m be l(-6). Suppose -1 = -2*x - m*g + 11, -2*x + 5*g = 6. Suppose 0 = -2*k - q + 1125, -708 = -x*k - 2*q + 412. Is k a composite number?
True
Suppose -u = 5*y - 26247, 4*u - 104966 = 28*y - 26*y. Is u a prime number?
False
Let p be (14/70 + 6/20)*4. Suppose 59928 = 9*s + p*s. Suppose -4*j + x = -s, -1341 = -j + 2*x - 7*x. Is j a composite number?
False
Let i be 6/(-3) + (-30 - 2). Let u be i/16 + 2 - 93/24. Is -12*(-1004)/32*u/(-6) a prime number?
True
Suppose b + 5*r = 1 - 92, -5*b = 4*r + 518. Let h = 103 + b. Is 38/(-12) - h - 60854/(-12) composite?
True
Let w(b) = -2*b**3 + 8*b - 16. Let r be w(7). Let v = r + 1037. Is v prime?
False
Let c(v) = 372*v + 37. Let q(x) = 374*x + 36. Let h(m) = -3*c(m) + 4*q(m). Is h(11) prime?
False
Suppose -5179 = -2*x + 485. Suppose u + 264 - x = -t, -u + 7714 = 3*t. Is t composite?
True
Let x be (-442)/4 + (1 - (-2)/(-4)). Let r = x + 113. Let s(b) = 697*b + 8. Is s(r) a prime number?
True
Let p(y) be the second derivative of 13*y**3/6 - 2*y**2 - 23*y. Let u be p(1). Is 336/54 - 6 - (-1141)/u a composite number?
False
Let c be (-12)/(-3) + -34 + -4*1. Let x(s) = 2*s**2 - 42*s - 49. Is x(c) a prime number?
True
Let g(c) = 4283*c**2 - 261*c - 1777. Is g(-7) composite?
False
Is (-16)/8*1017972/(-24) a composite number?
True
Is -3 + -1*(0 + -567370) prime?
True
Suppose 4*t = -145*r + 146*r + 26875, 0 = -2*t - r + 13439. Is t a composite number?
False
Let l be (-23)/(-7) + (111/(-21) - -5). Let j be ((-3)/(-2))/(3/4). Suppose -l*y + 2*w = -641, 0 = -3*y + j*w + w + 645. Is y a prime number?
True
Suppose -a + r + 2977 = 0, 1825 + 10081 = 4*a - 3*r. Suppose 101400 = 25*m + a. Is m composite?
True
Suppose 0 = -2*d + 2*r + 4, -5*r = -d + 8 - 2. Suppose -3*x = i - 67 + 58, -3*x - 6 = -4*i. Is 13*(i + 39) + d + 0 composite?
False
Let f = 247052 - -320397. Is f composite?
False
Suppose -3*c - 47 = -7*h + 2*h, 35 = 3*h + 5*c. Let t be 339*5/(-5 - h). Let y = t - -272. Is y a prime number?
False
Let y(u) = -50277*u + 1196. Is y(-3) a composite number?
False
Let w = -28 + 26. Let h(x) = 137*x + 10. Let c be h(w). Let u = 1229 + c. Is u prime?
False
Let g(f) be the first derivative of 7*f**4/8 + 23*f**3/6 - 13*f**2/2 - 23. Let b(w) be the second derivative of g(w). Is b(6) a prime number?
True
Let v be -2 - 0 - 1/(-1)*-277. Let m = v + 968. Let c = -276 + m. Is c a composite number?
True
Suppose 2*v + 3*v = 3*f + 967, 3*v + 1555 = -5*f. Let j = 583 + f. Is j a prime number?
True
Let v(d) = 3*d**3 - 20*d**2 + 19 - 18*d - 11 + 3. Let n be v(11). Suppose 3*x + 465 = n. Is x a composite number?
False
Let t = -97645 - -455094. Is t prime?
False
Suppose -13*t + 9*t + 8 = 0. Suppose 4*h + 4*w + 11 = -1, 10 = -t*w. Is (-3659)/(-8) - (h + (-26)/16) prime?
True
Is (432578/2)/(-6 + (-6 - -22) + -9) prime?
True
Is ((-3)/4)/((-6)/48*12)*520274 composite?
False
Let g = -1804 - -3023. Is g a composite number?
True
Suppose 0 = 238*i - 188*i - 1596050. Is i a prime number?
False
Let y be (4 - 11/3)*0. Suppose -q - 574 - 65 = y. Let o = 240 - q. Is o prime?
False
Suppose -v - 4*c = -774390, 0*v - 3097571 = -4*v - 5*c. Is v a composite number?
True
Suppose -5*r = -67 + 387. Let z = r - -68. Suppose 428 + 1736 = z*m. Is m a prime number?
True
Suppose 62*a - 48*a = 575078. Is a composite?
False
Let r(l) = -487*l - 98. Suppose 7 = 3*k - 4*b, 2*k = k - 5*b - 23. Is r(k) composite?
True
Let n(c) = c**3 + 3*c - 7. Let x(o) = -5*o**2 - 38*o + 24. Let k be x(-8). Is n(k) a prime number?
False
Let u(r) = -r**3 - 23*r**2 - 2*r - 48. Let k be u(-23). Let d(i) = 112*i**2 - 2*i. Let f be d(-2). Is f/k*(-3 + (-10)/(-4)) a composite number?
False
Let x(z) = -z**3 - 15*z**2 + 29*z + 27. Let y = -16 - 2. Let k be x(y). Suppose 2*n - k = -n. Is n composite?
True
Let b(v) = 2*v - 11. Let r(t) = t**3 + 10*t**2 + 21. Let n be r(-10). Let k = n + -10. Is b(k) prime?
True
Suppose -5*g + z + 446706 = 0, 5*g + 308265 = -3*z + 754967. Is g a composite number?
True
Suppose -66*x - 2895324 = -78*x. Is x prime?
False
Let k(a) be the second derivative of a**5/20 - 7*a**4/12 + 2*a**3/3 + 6*a**2 + 13*a. Let b be k(5). Is 3784/6 + (-6)/b prime?
True
Suppose 1245 = -5*d + 8*d. Suppose -t - 2*y = -228 - 187, t - d = 2*y. Is t prime?
False
Let a(u) = 40*u + 427. Let n be a(5). Let o(d) = -d**3 + 5*d**2 + 7*d + 5. Let h be o(-5). Let q = n - h. Is q a composite number?
True
Let z(q) = 51*q**2 - 17*q - 805. Is z(-24) a prime number?
True
Let x(p) = 23 + 25 + 519*p + 321*p. Let r be x(-5). Let v = r - -6655. Is v a composite number?
False
Let w(h) = -47770*h - 602. Is w(-30) a composite number?
True
Suppose 5*q = -4*i + 2721659, 6*i + 2*q = i + 3402078. Suppose -9*h + 41*h = i. Is h a prime number?
False
Let n(a) = -1386*a - 181. Suppose 6*i = 3*i - 5*b - 4, i = b - 4. Is n(i) prime?
False
Suppose 5*u - l + 3*l = 1195, -5*u + 2*l = -1215. Let k = u - 164. Is k a prime number?
False
Let r(o) = 2*o**2 - 8*o + 185. Let c be r(12). Let s be (-4)/10*(-2759 - 1). Let q = c + s. Is q prime?
True
Is (-804141575)/(-4631) + 4/(-22) composite?
True
Suppose -2*y = -4*q + 16, 2*q - 8 = 2*y + 2*y. Let c be (0 + (-14)/3)/(q/(-528)). Suppose 0 = -f - 0*f + 5*u + c, -3*f + 1828 = 5*u. Is f composite?
True
Let f(b) = -44*b**3 + 67*b**2 - 58*b - 537. Is f(-28) prime?
True
Let g(j) be the third derivative of j**7/420 - 7*j**6/360 - 29*j**5/120 + 5*j**4/3 - 33*j**2. Let s(v) be the second derivative of g(v). Is s(13) composite?
True
Let n = 6438 + 70433. Is n a composite number?
False
Suppose 0 = 5*b + 5*p - 16 + 